{"id":25791,"date":"2023-06-05T16:46:54","date_gmt":"2023-06-05T14:46:54","guid":{"rendered":"https:\/\/mindtechvigo.com\/events\/redes-aeroespaciais\/"},"modified":"2023-06-05T16:52:13","modified_gmt":"2023-06-05T14:52:13","slug":"redes-aeroespaciais","status":"publish","type":"event","link":"https:\/\/mindtechvigo.com\/pt-pt\/events\/redes-aeroespaciais\/","title":{"rendered":"Redes aeroespaciais"},"content":{"rendered":"\n<p>As principais empresas nacionais e internacionais do sector aeron\u00e1utico e aeroespacial reunir-se-\u00e3o neste encontro de neg\u00f3cios para promover sinergias e novas rela\u00e7\u00f5es comerciais, especialmente entre empresas galegas e potenciais novos clientes no mercado asi\u00e1tico.<\/p>\n","protected":false},"featured_media":0,"template":"","meta":{"_acf_changed":false},"event-category":[204],"event-day":[131],"class_list":["post-25791","event","type-event","status-publish","hentry","event-category-2025-pt-pt","event-day-dia-3-pt-pt"],"acf":[],"_links":{"self":[{"href":"https:\/\/mindtechvigo.com\/pt-pt\/wp-json\/wp\/v2\/event\/25791","targetHints":{"allow":["GET"]}}],"collection":[{"href":"https:\/\/mindtechvigo.com\/pt-pt\/wp-json\/wp\/v2\/event"}],"about":[{"href":"https:\/\/mindtechvigo.com\/pt-pt\/wp-json\/wp\/v2\/types\/event"}],"wp:attachment":[{"href":"https:\/\/mindtechvigo.com\/pt-pt\/wp-json\/wp\/v2\/media?parent=25791"}],"wp:term":[{"taxonomy":"event-category","embeddable":true,"href":"https:\/\/mindtechvigo.com\/pt-pt\/wp-json\/wp\/v2\/event-category?post=25791"},{"taxonomy":"event-day","embeddable":true,"href":"https:\/\/mindtechvigo.com\/pt-pt\/wp-json\/wp\/v2\/event-day?post=25791"}],"curies":[{"name":"wp","href":"https:\/\/api.w.org\/{rel}","templated":true}]}}

<p>As principais empresas nacionais e internacionais do sector aeronáutico e aeroespacial reunir-se-ão neste encontro de negócios para promover sinergias e novas relações comerciais, especialmente entre empresas galegas e potenciais novos clientes no mercado asiático.</p>
