{"id":25787,"date":"2023-06-05T16:26:20","date_gmt":"2023-06-05T14:26:20","guid":{"rendered":"https:\/\/mindtechvigo.com\/events\/reuniao-sobre-a-cadeia-de-valor-do-hidrogenio-verde\/"},"modified":"2023-06-05T16:44:45","modified_gmt":"2023-06-05T14:44:45","slug":"reuniao-sobre-a-cadeia-de-valor-do-hidrogenio-verde","status":"publish","type":"event","link":"https:\/\/mindtechvigo.com\/pt-pt\/events\/reuniao-sobre-a-cadeia-de-valor-do-hidrogenio-verde\/","title":{"rendered":"Reuni\u00e3o sobre a cadeia de valor do hidrog\u00e9nio verde"},"content":{"rendered":"\n<p>Reuni\u00e3o de trabalho apenas por convite. As principais empresas da ind\u00fastria das energias renov\u00e1veis, e especialmente da cadeia de valor do hidrog\u00e9nio verde, reunir-se-\u00e3o nesta reuni\u00e3o para explorar oportunidades de neg\u00f3cio e poss\u00edveis projectos conjuntos para impulsionar esta energia em expans\u00e3o para todas as ind\u00fastrias.<\/p>\n","protected":false},"featured_media":0,"template":"","meta":{"_acf_changed":false},"event-category":[130],"event-day":[131],"class_list":["post-25787","event","type-event","status-publish","hentry","event-category-2023-pt-pt","event-day-dia-3-pt-pt"],"acf":[],"_links":{"self":[{"href":"https:\/\/mindtechvigo.com\/pt-pt\/wp-json\/wp\/v2\/event\/25787","targetHints":{"allow":["GET"]}}],"collection":[{"href":"https:\/\/mindtechvigo.com\/pt-pt\/wp-json\/wp\/v2\/event"}],"about":[{"href":"https:\/\/mindtechvigo.com\/pt-pt\/wp-json\/wp\/v2\/types\/event"}],"wp:attachment":[{"href":"https:\/\/mindtechvigo.com\/pt-pt\/wp-json\/wp\/v2\/media?parent=25787"}],"wp:term":[{"taxonomy":"event-category","embeddable":true,"href":"https:\/\/mindtechvigo.com\/pt-pt\/wp-json\/wp\/v2\/event-category?post=25787"},{"taxonomy":"event-day","embeddable":true,"href":"https:\/\/mindtechvigo.com\/pt-pt\/wp-json\/wp\/v2\/event-day?post=25787"}],"curies":[{"name":"wp","href":"https:\/\/api.w.org\/{rel}","templated":true}]}}

Reunião sobre a cadeia de valor do hidrogénio verde

<p>Reunião de trabalho apenas por convite. As principais empresas da indústria das energias renováveis, e especialmente da cadeia de valor do hidrogénio verde, reunir-se-ão nesta reunião para explorar oportunidades de negócio e possíveis projectos conjuntos para impulsionar esta energia em expansão para todas as indústrias.</p>
